{"id":8602,"date":"2023-02-09T10:53:18","date_gmt":"2023-02-09T10:53:18","guid":{"rendered":"https:\/\/www.transferpremium.es\/?page_id=8602"},"modified":"2023-10-16T18:08:14","modified_gmt":"2023-10-16T18:08:14","slug":"vehiculos","status":"publish","type":"page","link":"https:\/\/www.transferpremium.es\/index.php\/vehiculos\/","title":{"rendered":"Vehicles"},"content":{"rendered":"\t\t<div data-elementor-type=\"wp-page\" data-elementor-id=\"8602\" class=\"elementor elementor-8602\">\n\t\t\t\t\t\t<section class=\"elementor-section elementor-top-section elementor-element elementor-element-c7b8a11 elementor-section-full_width elementor-section-height-default elementor-section-height-default\" data-id=\"c7b8a11\" data-element_type=\"section\">\n\t\t\t\t\t\t<div class=\"elementor-container elementor-column-gap-default\">\n\t\t\t\t\t<div class=\"elementor-column elementor-col-100 elementor-top-column elementor-element elementor-element-8cc4d89\" data-id=\"8cc4d89\" data-element_type=\"column\">\n\t\t\t<div class=\"elementor-widget-wrap elementor-element-populated\">\n\t\t\t\t\t\t<div class=\"elementor-element elementor-element-38c9bc0 elementor-widget elementor-widget-luxedrive_core_vehicle_list\" data-id=\"38c9bc0\" data-element_type=\"widget\" data-widget_type=\"luxedrive_core_vehicle_list.default\">\n\t\t\t\t<div class=\"elementor-widget-container\">\n\t\t\t\t\t<div class=\"qodef-shortcode qodef-m  qodef-vehicle-list  qodef-item-layout--info-on-image  qodef-grid qodef-layout--columns  qodef-gutter--medium qodef-vertical-gutter--medium qodef-col-num--4 qodef-item-layout--info-on-image qodef-pagination--off qodef-responsive--custom qodef-col-num--1440--3 qodef-col-num--1366--3 qodef-col-num--1024--2 qodef-col-num--768--1 qodef-col-num--680--1 qodef-col-num--480--1 qodef-swiper--show-pagination\" data-options=\"{&quot;plugin&quot;:&quot;luxedrive_core&quot;,&quot;module&quot;:&quot;post-types\\\/vehicle\\\/shortcodes&quot;,&quot;shortcode&quot;:&quot;vehicle-list&quot;,&quot;post_type&quot;:&quot;vehicle&quot;,&quot;next_page&quot;:&quot;2&quot;,&quot;max_pages_num&quot;:1,&quot;behavior&quot;:&quot;columns&quot;,&quot;images_proportion&quot;:&quot;full&quot;,&quot;columns&quot;:&quot;4&quot;,&quot;columns_responsive&quot;:&quot;custom&quot;,&quot;columns_1440&quot;:&quot;3&quot;,&quot;columns_1366&quot;:&quot;3&quot;,&quot;columns_1024&quot;:&quot;2&quot;,&quot;columns_768&quot;:&quot;1&quot;,&quot;columns_680&quot;:&quot;1&quot;,&quot;columns_480&quot;:&quot;1&quot;,&quot;space&quot;:&quot;medium&quot;,&quot;vertical_space&quot;:&quot;medium&quot;,&quot;posts_per_page&quot;:&quot;4&quot;,&quot;orderby&quot;:&quot;date&quot;,&quot;order&quot;:&quot;DESC&quot;,&quot;layout&quot;:&quot;info-on-image&quot;,&quot;title_tag&quot;:&quot;h5&quot;,&quot;show_reviews&quot;:&quot;no&quot;,&quot;pagination_type&quot;:&quot;no-pagination&quot;,&quot;enable_filter&quot;:&quot;no&quot;,&quot;object_class_name&quot;:&quot;LuxeDriveCore_Vehicle_List_Shortcode&quot;,&quot;taxonomy_filter&quot;:&quot;vehicle-type&quot;,&quot;additional_query_args&quot;:[],&quot;item_classes&quot;:&quot;qodef-e qodef-grid-item &quot;,&quot;space_value&quot;:40}\">\n\t\t<div class=\"qodef-grid-inner\">\n\t\t<div class=\"qodef-e qodef-grid-item  post-6980 vehicle type-vehicle status-publish has-post-thumbnail hentry vehicle-make-mercedes vehicle-color-black vehicle-tag-4-persons vehicle-tag-automatic vehicle-tag-black-lether-interior vehicle-tag-led vehicle-tag-lux vehicle-tag-wi-fi\">\n\t<div class=\"qodef-e-inner\">\n\t\t<div class=\"qodef-e-image\">\n\t\t\t\t<div class=\"qodef-e-media-image\">\n\t\t<a itemprop=\"url\" href=\"https:\/\/www.transferpremium.es\/index.php\/vehicle\/mercedes-class-s\/\" target=\"_self\">\n\t\t\t<img fetchpriority=\"high\" decoding=\"async\" width=\"2560\" height=\"1706\" src=\"https:\/\/www.transferpremium.es\/wp-content\/uploads\/2023\/04\/ClassS-2-scaled.jpg\" class=\"attachment-full size-full\" alt=\"\" srcset=\"https:\/\/www.transferpremium.es\/wp-content\/uploads\/2023\/04\/ClassS-2-scaled.jpg 2560w, https:\/\/www.transferpremium.es\/wp-content\/uploads\/2023\/04\/ClassS-2-300x200.jpg 300w, https:\/\/www.transferpremium.es\/wp-content\/uploads\/2023\/04\/ClassS-2-1024x683.jpg 1024w, https:\/\/www.transferpremium.es\/wp-content\/uploads\/2023\/04\/ClassS-2-768x512.jpg 768w, https:\/\/www.transferpremium.es\/wp-content\/uploads\/2023\/04\/ClassS-2-1536x1024.jpg 1536w, https:\/\/www.transferpremium.es\/wp-content\/uploads\/2023\/04\/ClassS-2-2048x1365.jpg 2048w, https:\/\/www.transferpremium.es\/wp-content\/uploads\/2023\/04\/ClassS-2-600x400.jpg 600w\" sizes=\"(max-width: 2560px) 100vw, 2560px\" \/>\t\t<\/a>\n\t<\/div>\n\t\t\t<div class=\"qodef-e-image-inner\">\n\t\t\t\t\t\t\t\t<div class=\"qodef-e-price-info\">\n\t<\/div>\t\t\t\t\t\t<div itemprop=\"description\" class=\"qodef-e-excerpt\">El Mercedes Clase S, un \u00edcono de lujo y elegancia, personifica nuestro compromiso con un transporte privado personalizado y seguro.<\/div>\n\t\t\t\t\t\t<div class=\"qodef-e-image-overlay\"><\/div>\n\t\t\t<\/div>\n\t\t<\/div>\n\t\t<div class=\"qodef-e-content\">\n\t\t\t<h5 itemprop=\"name\" class=\"qodef-e-title entry-title\" >\n\t<a itemprop=\"url\" class=\"qodef-e-title-link\" href=\"https:\/\/www.transferpremium.es\/index.php\/vehicle\/mercedes-class-s\/\">\n\t\tMercedes clase S\t<\/a>\n<\/h5>\n\t\t\t\t\t<\/div>\n\t<\/div>\n<\/div>\n<div class=\"qodef-e qodef-grid-item  post-6978 vehicle type-vehicle status-publish has-post-thumbnail hentry vehicle-make-mercedes vehicle-color-red vehicle-tag-4-persons vehicle-tag-automatic vehicle-tag-black-lether-interior vehicle-tag-led vehicle-tag-lux vehicle-tag-wi-fi\">\n\t<div class=\"qodef-e-inner\">\n\t\t<div class=\"qodef-e-image\">\n\t\t\t\t<div class=\"qodef-e-media-image\">\n\t\t<a itemprop=\"url\" href=\"https:\/\/www.transferpremium.es\/index.php\/vehicle\/mercedes-class-v\/\" target=\"_self\">\n\t\t\t<img decoding=\"async\" width=\"2560\" height=\"1703\" src=\"https:\/\/www.transferpremium.es\/wp-content\/uploads\/2023\/04\/ClassV-scaled.jpg\" class=\"attachment-full size-full\" alt=\"Mercedes-Benz V-class\" srcset=\"https:\/\/www.transferpremium.es\/wp-content\/uploads\/2023\/04\/ClassV-scaled.jpg 2560w, https:\/\/www.transferpremium.es\/wp-content\/uploads\/2023\/04\/ClassV-300x200.jpg 300w, https:\/\/www.transferpremium.es\/wp-content\/uploads\/2023\/04\/ClassV-1024x681.jpg 1024w, https:\/\/www.transferpremium.es\/wp-content\/uploads\/2023\/04\/ClassV-768x511.jpg 768w, https:\/\/www.transferpremium.es\/wp-content\/uploads\/2023\/04\/ClassV-1536x1022.jpg 1536w, https:\/\/www.transferpremium.es\/wp-content\/uploads\/2023\/04\/ClassV-2048x1363.jpg 2048w, https:\/\/www.transferpremium.es\/wp-content\/uploads\/2023\/04\/ClassV-600x399.jpg 600w\" sizes=\"(max-width: 2560px) 100vw, 2560px\" \/>\t\t<\/a>\n\t<\/div>\n\t\t\t<div class=\"qodef-e-image-inner\">\n\t\t\t\t\t\t\t\t<div class=\"qodef-e-price-info\">\n\t<\/div>\t\t\t\t\t\t<div itemprop=\"description\" class=\"qodef-e-excerpt\">La Mercedes Clase V, una combinaci\u00f3n magistral de versatilidad y distinci\u00f3n, redefinir\u00e1 tu experiencia de transporte privado. <\/div>\n\t\t\t\t\t\t<div class=\"qodef-e-image-overlay\"><\/div>\n\t\t\t<\/div>\n\t\t<\/div>\n\t\t<div class=\"qodef-e-content\">\n\t\t\t<h5 itemprop=\"name\" class=\"qodef-e-title entry-title\" >\n\t<a itemprop=\"url\" class=\"qodef-e-title-link\" href=\"https:\/\/www.transferpremium.es\/index.php\/vehicle\/mercedes-class-v\/\">\n\t\tMercedes clase V\t<\/a>\n<\/h5>\n\t\t\t\t\t<\/div>\n\t<\/div>\n<\/div>\n<div class=\"qodef-e qodef-grid-item  post-6976 vehicle type-vehicle status-publish has-post-thumbnail hentry vehicle-make-mercedes vehicle-color-white vehicle-tag-4-persons vehicle-tag-automatic vehicle-tag-black-lether-interior vehicle-tag-led vehicle-tag-lux vehicle-tag-wi-fi\">\n\t<div class=\"qodef-e-inner\">\n\t\t<div class=\"qodef-e-image\">\n\t\t\t\t<div class=\"qodef-e-media-image\">\n\t\t<a itemprop=\"url\" href=\"https:\/\/www.transferpremium.es\/index.php\/vehicle\/mercedes-class-e\/\" target=\"_self\">\n\t\t\t<img decoding=\"async\" width=\"2560\" height=\"1707\" src=\"https:\/\/www.transferpremium.es\/wp-content\/uploads\/2023\/08\/ClassE-scaled.jpg\" class=\"attachment-full size-full\" alt=\"\" srcset=\"https:\/\/www.transferpremium.es\/wp-content\/uploads\/2023\/08\/ClassE-scaled.jpg 2560w, https:\/\/www.transferpremium.es\/wp-content\/uploads\/2023\/08\/ClassE-300x200.jpg 300w, https:\/\/www.transferpremium.es\/wp-content\/uploads\/2023\/08\/ClassE-1024x683.jpg 1024w, https:\/\/www.transferpremium.es\/wp-content\/uploads\/2023\/08\/ClassE-768x512.jpg 768w, https:\/\/www.transferpremium.es\/wp-content\/uploads\/2023\/08\/ClassE-1536x1024.jpg 1536w, https:\/\/www.transferpremium.es\/wp-content\/uploads\/2023\/08\/ClassE-2048x1365.jpg 2048w, https:\/\/www.transferpremium.es\/wp-content\/uploads\/2023\/08\/ClassE-600x400.jpg 600w\" sizes=\"(max-width: 2560px) 100vw, 2560px\" \/>\t\t<\/a>\n\t<\/div>\n\t\t\t<div class=\"qodef-e-image-inner\">\n\t\t\t\t\t\t\t\t<div class=\"qodef-e-price-info\">\n\t<\/div>\t\t\t\t\t\t<div itemprop=\"description\" class=\"qodef-e-excerpt\">La Mercedes Clase E, s\u00edmbolo de refinamiento y rendimiento, eleva nuestro servicio de transporte privado a nuevas alturas.<\/div>\n\t\t\t\t\t\t<div class=\"qodef-e-image-overlay\"><\/div>\n\t\t\t<\/div>\n\t\t<\/div>\n\t\t<div class=\"qodef-e-content\">\n\t\t\t<h5 itemprop=\"name\" class=\"qodef-e-title entry-title\" >\n\t<a itemprop=\"url\" class=\"qodef-e-title-link\" href=\"https:\/\/www.transferpremium.es\/index.php\/vehicle\/mercedes-class-e\/\">\n\t\tMercedes clase E\t<\/a>\n<\/h5>\n\t\t\t\t\t<\/div>\n\t<\/div>\n<\/div>\n<div class=\"qodef-e qodef-grid-item  post-6969 vehicle type-vehicle status-publish has-post-thumbnail hentry vehicle-make-mercedes vehicle-color-black vehicle-tag-4-persons vehicle-tag-automatic vehicle-tag-black-lether-interior vehicle-tag-led vehicle-tag-lux vehicle-tag-wi-fi\">\n\t<div class=\"qodef-e-inner\">\n\t\t<div class=\"qodef-e-image\">\n\t\t\t\t<div class=\"qodef-e-media-image\">\n\t\t<a itemprop=\"url\" href=\"https:\/\/www.transferpremium.es\/index.php\/vehicle\/mercedes-eqs\/\" target=\"_self\">\n\t\t\t<img loading=\"lazy\" decoding=\"async\" width=\"2560\" height=\"1707\" src=\"https:\/\/www.transferpremium.es\/wp-content\/uploads\/2023\/08\/ClassEQS-scaled.jpg\" class=\"attachment-full size-full\" alt=\"\" srcset=\"https:\/\/www.transferpremium.es\/wp-content\/uploads\/2023\/08\/ClassEQS-scaled.jpg 2560w, https:\/\/www.transferpremium.es\/wp-content\/uploads\/2023\/08\/ClassEQS-300x200.jpg 300w, https:\/\/www.transferpremium.es\/wp-content\/uploads\/2023\/08\/ClassEQS-1024x683.jpg 1024w, https:\/\/www.transferpremium.es\/wp-content\/uploads\/2023\/08\/ClassEQS-768x512.jpg 768w, https:\/\/www.transferpremium.es\/wp-content\/uploads\/2023\/08\/ClassEQS-1536x1024.jpg 1536w, https:\/\/www.transferpremium.es\/wp-content\/uploads\/2023\/08\/ClassEQS-2048x1365.jpg 2048w, https:\/\/www.transferpremium.es\/wp-content\/uploads\/2023\/08\/ClassEQS-600x400.jpg 600w\" sizes=\"(max-width: 2560px) 100vw, 2560px\" \/>\t\t<\/a>\n\t<\/div>\n\t\t\t<div class=\"qodef-e-image-inner\">\n\t\t\t\t\t\t\t\t<div class=\"qodef-e-price-info\">\n\t<\/div>\t\t\t\t\t\t<div itemprop=\"description\" class=\"qodef-e-excerpt\">El Mercedes EQS, la c\u00faspide de la innovaci\u00f3n el\u00e9ctrica y lujo sostenible, personifica nuestra visi\u00f3n de transporte privado exclusivo y ecoamigable.<\/div>\n\t\t\t\t\t\t<div class=\"qodef-e-image-overlay\"><\/div>\n\t\t\t<\/div>\n\t\t<\/div>\n\t\t<div class=\"qodef-e-content\">\n\t\t\t<h5 itemprop=\"name\" class=\"qodef-e-title entry-title\" >\n\t<a itemprop=\"url\" class=\"qodef-e-title-link\" href=\"https:\/\/www.transferpremium.es\/index.php\/vehicle\/mercedes-eqs\/\">\n\t\tMercedes EQS\t<\/a>\n<\/h5>\n\t\t\t\t\t<\/div>\n\t<\/div>\n<\/div>\n\t<\/div>\n\t<\/div>\n\t\t\t\t<\/div>\n\t\t\t\t<\/div>\n\t\t\t\t\t<\/div>\n\t\t<\/div>\n\t\t\t\t\t<\/div>\n\t\t<\/section>\n\t\t\t\t<\/div>\n\t\t","protected":false},"excerpt":{"rendered":"<p>Sport from $ 180 hour Lorem ipsum dolor sit do amet, consectetur, adipiscing elit, sed Mercedes clase S Sport from $ 180 hour Lorem ipsum dolor sit do amet, consectetur, adipiscing elit, sed Mercedes clase V Sport from $ 120 hour Lorem ipsum dolor sit do amet, consectetur, adipiscing elit, sed Mercedes clase E Sport [&hellip;]<\/p>\n","protected":false},"author":1,"featured_media":0,"parent":0,"menu_order":0,"comment_status":"closed","ping_status":"closed","template":"page-full-width.php","meta":{"footnotes":""},"class_list":["post-8602","page","type-page","status-publish","hentry"],"aioseo_notices":[],"_links":{"self":[{"href":"https:\/\/www.transferpremium.es\/index.php\/wp-json\/wp\/v2\/pages\/8602","targetHints":{"allow":["GET"]}}],"collection":[{"href":"https:\/\/www.transferpremium.es\/index.php\/wp-json\/wp\/v2\/pages"}],"about":[{"href":"https:\/\/www.transferpremium.es\/index.php\/wp-json\/wp\/v2\/types\/page"}],"author":[{"embeddable":true,"href":"https:\/\/www.transferpremium.es\/index.php\/wp-json\/wp\/v2\/users\/1"}],"replies":[{"embeddable":true,"href":"https:\/\/www.transferpremium.es\/index.php\/wp-json\/wp\/v2\/comments?post=8602"}],"version-history":[{"count":2,"href":"https:\/\/www.transferpremium.es\/index.php\/wp-json\/wp\/v2\/pages\/8602\/revisions"}],"predecessor-version":[{"id":8613,"href":"https:\/\/www.transferpremium.es\/index.php\/wp-json\/wp\/v2\/pages\/8602\/revisions\/8613"}],"wp:attachment":[{"href":"https:\/\/www.transferpremium.es\/index.php\/wp-json\/wp\/v2\/media?parent=8602"}],"curies":[{"name":"wp","href":"https:\/\/api.w.org\/{rel}","templated":true}]}}